{"id":111,"date":"2014-08-14T22:55:56","date_gmt":"2014-08-14T19:55:56","guid":{"rendered":"http:\/\/vorujahimeesteselts.ee\/?page_id=111"},"modified":"2018-10-23T12:47:43","modified_gmt":"2018-10-23T10:47:43","slug":"pildid","status":"publish","type":"page","link":"http:\/\/vorujahimeesteselts.ee\/?page_id=111","title":{"rendered":"\u00dcLDIST"},"content":{"rendered":"<p><a href=\"https:\/\/goo.gl\/photos\/4mfsbwYgzkDYCsxU6\">Jahirahu v\u00e4ljakuulutamine V\u00f5rumaal Varstus 22.12.2015<\/a><\/p>\n<p>J\u00e4rvere 100 m paviljoni avamine 30.09.2014<\/p>\n<p><!-- default-view.php -->\n<div\n\tclass=\"ngg-galleryoverview default-view \n\t ngg-ajax-pagination-none\t\"\n\tid=\"ngg-gallery-578054c30ba7592686e75395ae83d394-1\">\n\n\t\t<!-- Thumbnails -->\n\t\t\t\t<div id=\"ngg-image-0\" class=\"ngg-gallery-thumbnail-box \n\t\t\t\t\t\t\t\t\t\t\t\" \n\t\t\t>\n\t\t\t\t\t\t<div class=\"ngg-gallery-thumbnail\">\n\t\t\t<a href=\"http:\/\/vorujahimeesteselts.ee\/wp-content\/gallery\/jarvere-100-m-paviljoni-avamine-30-09-2014\/IMGP9069.JPG\"\n\t\t\t\ttitle=\"\"\n\t\t\t\tdata-src=\"http:\/\/vorujahimeesteselts.ee\/wp-content\/gallery\/jarvere-100-m-paviljoni-avamine-30-09-2014\/IMGP9069.JPG\"\n\t\t\t\tdata-thumbnail=\"http:\/\/vorujahimeesteselts.ee\/wp-content\/gallery\/jarvere-100-m-paviljoni-avamine-30-09-2014\/thumbs\/thumbs_IMGP9069.JPG\"\n\t\t\t\tdata-image-id=\"1\"\n\t\t\t\tdata-title=\"IMGP9069\"\n\t\t\t\tdata-description=\"\"\n\t\t\t\tdata-image-slug=\"imgp9069\"\n\t\t\t\tclass=\"ngg-fancybox\" rel=\"578054c30ba7592686e75395ae83d394\">\n\t\t\t\t<img\n\t\t\t\t\ttitle=\"IMGP9069\"\n\t\t\t\t\talt=\"IMGP9069\"\n\t\t\t\t\tsrc=\"http:\/\/vorujahimeesteselts.ee\/wp-content\/gallery\/jarvere-100-m-paviljoni-avamine-30-09-2014\/thumbs\/thumbs_IMGP9069.JPG\"\n\t\t\t\t\twidth=\"120\"\n\t\t\t\t\theight=\"90\"\n\t\t\t\t\tstyle=\"max-width:100%;\"\n\t\t\t\t\/>\n\t\t\t<\/a>\n\t\t<\/div>\n\t\t\t\t\t\t\t<\/div> \n\t\t\t\n\t\t\t\t<div id=\"ngg-image-1\" class=\"ngg-gallery-thumbnail-box \n\t\t\t\t\t\t\t\t\t\t\t\" \n\t\t\t>\n\t\t\t\t\t\t<div class=\"ngg-gallery-thumbnail\">\n\t\t\t<a href=\"http:\/\/vorujahimeesteselts.ee\/wp-content\/gallery\/jarvere-100-m-paviljoni-avamine-30-09-2014\/IMGP9100.JPG\"\n\t\t\t\ttitle=\" \"\n\t\t\t\tdata-src=\"http:\/\/vorujahimeesteselts.ee\/wp-content\/gallery\/jarvere-100-m-paviljoni-avamine-30-09-2014\/IMGP9100.JPG\"\n\t\t\t\tdata-thumbnail=\"http:\/\/vorujahimeesteselts.ee\/wp-content\/gallery\/jarvere-100-m-paviljoni-avamine-30-09-2014\/thumbs\/thumbs_IMGP9100.JPG\"\n\t\t\t\tdata-image-id=\"2\"\n\t\t\t\tdata-title=\"IMGP9100\"\n\t\t\t\tdata-description=\" \"\n\t\t\t\tdata-image-slug=\"imgp9100\"\n\t\t\t\tclass=\"ngg-fancybox\" rel=\"578054c30ba7592686e75395ae83d394\">\n\t\t\t\t<img\n\t\t\t\t\ttitle=\"IMGP9100\"\n\t\t\t\t\talt=\"IMGP9100\"\n\t\t\t\t\tsrc=\"http:\/\/vorujahimeesteselts.ee\/wp-content\/gallery\/jarvere-100-m-paviljoni-avamine-30-09-2014\/thumbs\/thumbs_IMGP9100.JPG\"\n\t\t\t\t\twidth=\"120\"\n\t\t\t\t\theight=\"90\"\n\t\t\t\t\tstyle=\"max-width:100%;\"\n\t\t\t\t\/>\n\t\t\t<\/a>\n\t\t<\/div>\n\t\t\t\t\t\t\t<\/div> \n\t\t\t\n\t\t\t\t<div id=\"ngg-image-2\" class=\"ngg-gallery-thumbnail-box \n\t\t\t\t\t\t\t\t\t\t\t\" \n\t\t\t>\n\t\t\t\t\t\t<div class=\"ngg-gallery-thumbnail\">\n\t\t\t<a href=\"http:\/\/vorujahimeesteselts.ee\/wp-content\/gallery\/jarvere-100-m-paviljoni-avamine-30-09-2014\/IMGP9117.JPG\"\n\t\t\t\ttitle=\" \"\n\t\t\t\tdata-src=\"http:\/\/vorujahimeesteselts.ee\/wp-content\/gallery\/jarvere-100-m-paviljoni-avamine-30-09-2014\/IMGP9117.JPG\"\n\t\t\t\tdata-thumbnail=\"http:\/\/vorujahimeesteselts.ee\/wp-content\/gallery\/jarvere-100-m-paviljoni-avamine-30-09-2014\/thumbs\/thumbs_IMGP9117.JPG\"\n\t\t\t\tdata-image-id=\"3\"\n\t\t\t\tdata-title=\"IMGP9117\"\n\t\t\t\tdata-description=\" \"\n\t\t\t\tdata-image-slug=\"imgp9117\"\n\t\t\t\tclass=\"ngg-fancybox\" rel=\"578054c30ba7592686e75395ae83d394\">\n\t\t\t\t<img\n\t\t\t\t\ttitle=\"IMGP9117\"\n\t\t\t\t\talt=\"IMGP9117\"\n\t\t\t\t\tsrc=\"http:\/\/vorujahimeesteselts.ee\/wp-content\/gallery\/jarvere-100-m-paviljoni-avamine-30-09-2014\/thumbs\/thumbs_IMGP9117.JPG\"\n\t\t\t\t\twidth=\"120\"\n\t\t\t\t\theight=\"90\"\n\t\t\t\t\tstyle=\"max-width:100%;\"\n\t\t\t\t\/>\n\t\t\t<\/a>\n\t\t<\/div>\n\t\t\t\t\t\t\t<\/div> \n\t\t\t\n\t\t\t\t<div id=\"ngg-image-3\" class=\"ngg-gallery-thumbnail-box \n\t\t\t\t\t\t\t\t\t\t\t\" \n\t\t\t>\n\t\t\t\t\t\t<div class=\"ngg-gallery-thumbnail\">\n\t\t\t<a href=\"http:\/\/vorujahimeesteselts.ee\/wp-content\/gallery\/jarvere-100-m-paviljoni-avamine-30-09-2014\/IMGP9155.JPG\"\n\t\t\t\ttitle=\" \"\n\t\t\t\tdata-src=\"http:\/\/vorujahimeesteselts.ee\/wp-content\/gallery\/jarvere-100-m-paviljoni-avamine-30-09-2014\/IMGP9155.JPG\"\n\t\t\t\tdata-thumbnail=\"http:\/\/vorujahimeesteselts.ee\/wp-content\/gallery\/jarvere-100-m-paviljoni-avamine-30-09-2014\/thumbs\/thumbs_IMGP9155.JPG\"\n\t\t\t\tdata-image-id=\"4\"\n\t\t\t\tdata-title=\"IMGP9155\"\n\t\t\t\tdata-description=\" \"\n\t\t\t\tdata-image-slug=\"imgp9155\"\n\t\t\t\tclass=\"ngg-fancybox\" rel=\"578054c30ba7592686e75395ae83d394\">\n\t\t\t\t<img\n\t\t\t\t\ttitle=\"IMGP9155\"\n\t\t\t\t\talt=\"IMGP9155\"\n\t\t\t\t\tsrc=\"http:\/\/vorujahimeesteselts.ee\/wp-content\/gallery\/jarvere-100-m-paviljoni-avamine-30-09-2014\/thumbs\/thumbs_IMGP9155.JPG\"\n\t\t\t\t\twidth=\"120\"\n\t\t\t\t\theight=\"90\"\n\t\t\t\t\tstyle=\"max-width:100%;\"\n\t\t\t\t\/>\n\t\t\t<\/a>\n\t\t<\/div>\n\t\t\t\t\t\t\t<\/div> \n\t\t\t\n\t\t\t\t<div id=\"ngg-image-4\" class=\"ngg-gallery-thumbnail-box \n\t\t\t\t\t\t\t\t\t\t\t\" \n\t\t\t>\n\t\t\t\t\t\t<div class=\"ngg-gallery-thumbnail\">\n\t\t\t<a href=\"http:\/\/vorujahimeesteselts.ee\/wp-content\/gallery\/jarvere-100-m-paviljoni-avamine-30-09-2014\/IMGP9218.JPG\"\n\t\t\t\ttitle=\" \"\n\t\t\t\tdata-src=\"http:\/\/vorujahimeesteselts.ee\/wp-content\/gallery\/jarvere-100-m-paviljoni-avamine-30-09-2014\/IMGP9218.JPG\"\n\t\t\t\tdata-thumbnail=\"http:\/\/vorujahimeesteselts.ee\/wp-content\/gallery\/jarvere-100-m-paviljoni-avamine-30-09-2014\/thumbs\/thumbs_IMGP9218.JPG\"\n\t\t\t\tdata-image-id=\"5\"\n\t\t\t\tdata-title=\"IMGP9218\"\n\t\t\t\tdata-description=\" \"\n\t\t\t\tdata-image-slug=\"imgp9218\"\n\t\t\t\tclass=\"ngg-fancybox\" rel=\"578054c30ba7592686e75395ae83d394\">\n\t\t\t\t<img\n\t\t\t\t\ttitle=\"IMGP9218\"\n\t\t\t\t\talt=\"IMGP9218\"\n\t\t\t\t\tsrc=\"http:\/\/vorujahimeesteselts.ee\/wp-content\/gallery\/jarvere-100-m-paviljoni-avamine-30-09-2014\/thumbs\/thumbs_IMGP9218.JPG\"\n\t\t\t\t\twidth=\"120\"\n\t\t\t\t\theight=\"90\"\n\t\t\t\t\tstyle=\"max-width:100%;\"\n\t\t\t\t\/>\n\t\t\t<\/a>\n\t\t<\/div>\n\t\t\t\t\t\t\t<\/div> \n\t\t\t\n\t\t\t\t<div id=\"ngg-image-5\" class=\"ngg-gallery-thumbnail-box \n\t\t\t\t\t\t\t\t\t\t\t\" \n\t\t\t>\n\t\t\t\t\t\t<div class=\"ngg-gallery-thumbnail\">\n\t\t\t<a href=\"http:\/\/vorujahimeesteselts.ee\/wp-content\/gallery\/jarvere-100-m-paviljoni-avamine-30-09-2014\/IMGP9238.JPG\"\n\t\t\t\ttitle=\" \"\n\t\t\t\tdata-src=\"http:\/\/vorujahimeesteselts.ee\/wp-content\/gallery\/jarvere-100-m-paviljoni-avamine-30-09-2014\/IMGP9238.JPG\"\n\t\t\t\tdata-thumbnail=\"http:\/\/vorujahimeesteselts.ee\/wp-content\/gallery\/jarvere-100-m-paviljoni-avamine-30-09-2014\/thumbs\/thumbs_IMGP9238.JPG\"\n\t\t\t\tdata-image-id=\"6\"\n\t\t\t\tdata-title=\"IMGP9238\"\n\t\t\t\tdata-description=\" \"\n\t\t\t\tdata-image-slug=\"imgp9238\"\n\t\t\t\tclass=\"ngg-fancybox\" rel=\"578054c30ba7592686e75395ae83d394\">\n\t\t\t\t<img\n\t\t\t\t\ttitle=\"IMGP9238\"\n\t\t\t\t\talt=\"IMGP9238\"\n\t\t\t\t\tsrc=\"http:\/\/vorujahimeesteselts.ee\/wp-content\/gallery\/jarvere-100-m-paviljoni-avamine-30-09-2014\/thumbs\/thumbs_IMGP9238.JPG\"\n\t\t\t\t\twidth=\"120\"\n\t\t\t\t\theight=\"90\"\n\t\t\t\t\tstyle=\"max-width:100%;\"\n\t\t\t\t\/>\n\t\t\t<\/a>\n\t\t<\/div>\n\t\t\t\t\t\t\t<\/div> \n\t\t\t\n\t\t\t\t<div id=\"ngg-image-6\" class=\"ngg-gallery-thumbnail-box \n\t\t\t\t\t\t\t\t\t\t\t\" \n\t\t\t>\n\t\t\t\t\t\t<div class=\"ngg-gallery-thumbnail\">\n\t\t\t<a href=\"http:\/\/vorujahimeesteselts.ee\/wp-content\/gallery\/jarvere-100-m-paviljoni-avamine-30-09-2014\/IMGP9307.JPG\"\n\t\t\t\ttitle=\" \"\n\t\t\t\tdata-src=\"http:\/\/vorujahimeesteselts.ee\/wp-content\/gallery\/jarvere-100-m-paviljoni-avamine-30-09-2014\/IMGP9307.JPG\"\n\t\t\t\tdata-thumbnail=\"http:\/\/vorujahimeesteselts.ee\/wp-content\/gallery\/jarvere-100-m-paviljoni-avamine-30-09-2014\/thumbs\/thumbs_IMGP9307.JPG\"\n\t\t\t\tdata-image-id=\"7\"\n\t\t\t\tdata-title=\"IMGP9307\"\n\t\t\t\tdata-description=\" \"\n\t\t\t\tdata-image-slug=\"imgp9307\"\n\t\t\t\tclass=\"ngg-fancybox\" rel=\"578054c30ba7592686e75395ae83d394\">\n\t\t\t\t<img\n\t\t\t\t\ttitle=\"IMGP9307\"\n\t\t\t\t\talt=\"IMGP9307\"\n\t\t\t\t\tsrc=\"http:\/\/vorujahimeesteselts.ee\/wp-content\/gallery\/jarvere-100-m-paviljoni-avamine-30-09-2014\/thumbs\/thumbs_IMGP9307.JPG\"\n\t\t\t\t\twidth=\"120\"\n\t\t\t\t\theight=\"90\"\n\t\t\t\t\tstyle=\"max-width:100%;\"\n\t\t\t\t\/>\n\t\t\t<\/a>\n\t\t<\/div>\n\t\t\t\t\t\t\t<\/div> \n\t\t\t\n\t\t\t\t<div id=\"ngg-image-7\" class=\"ngg-gallery-thumbnail-box \n\t\t\t\t\t\t\t\t\t\t\t\" \n\t\t\t>\n\t\t\t\t\t\t<div class=\"ngg-gallery-thumbnail\">\n\t\t\t<a href=\"http:\/\/vorujahimeesteselts.ee\/wp-content\/gallery\/jarvere-100-m-paviljoni-avamine-30-09-2014\/IMGP9309.JPG\"\n\t\t\t\ttitle=\" \"\n\t\t\t\tdata-src=\"http:\/\/vorujahimeesteselts.ee\/wp-content\/gallery\/jarvere-100-m-paviljoni-avamine-30-09-2014\/IMGP9309.JPG\"\n\t\t\t\tdata-thumbnail=\"http:\/\/vorujahimeesteselts.ee\/wp-content\/gallery\/jarvere-100-m-paviljoni-avamine-30-09-2014\/thumbs\/thumbs_IMGP9309.JPG\"\n\t\t\t\tdata-image-id=\"8\"\n\t\t\t\tdata-title=\"IMGP9309\"\n\t\t\t\tdata-description=\" \"\n\t\t\t\tdata-image-slug=\"imgp9309\"\n\t\t\t\tclass=\"ngg-fancybox\" rel=\"578054c30ba7592686e75395ae83d394\">\n\t\t\t\t<img\n\t\t\t\t\ttitle=\"IMGP9309\"\n\t\t\t\t\talt=\"IMGP9309\"\n\t\t\t\t\tsrc=\"http:\/\/vorujahimeesteselts.ee\/wp-content\/gallery\/jarvere-100-m-paviljoni-avamine-30-09-2014\/thumbs\/thumbs_IMGP9309.JPG\"\n\t\t\t\t\twidth=\"120\"\n\t\t\t\t\theight=\"90\"\n\t\t\t\t\tstyle=\"max-width:100%;\"\n\t\t\t\t\/>\n\t\t\t<\/a>\n\t\t<\/div>\n\t\t\t\t\t\t\t<\/div> \n\t\t\t\n\t\t\t\t<div id=\"ngg-image-8\" class=\"ngg-gallery-thumbnail-box \n\t\t\t\t\t\t\t\t\t\t\t\" \n\t\t\t>\n\t\t\t\t\t\t<div class=\"ngg-gallery-thumbnail\">\n\t\t\t<a href=\"http:\/\/vorujahimeesteselts.ee\/wp-content\/gallery\/jarvere-100-m-paviljoni-avamine-30-09-2014\/Tiir.JPG\"\n\t\t\t\ttitle=\" \"\n\t\t\t\tdata-src=\"http:\/\/vorujahimeesteselts.ee\/wp-content\/gallery\/jarvere-100-m-paviljoni-avamine-30-09-2014\/Tiir.JPG\"\n\t\t\t\tdata-thumbnail=\"http:\/\/vorujahimeesteselts.ee\/wp-content\/gallery\/jarvere-100-m-paviljoni-avamine-30-09-2014\/thumbs\/thumbs_Tiir.JPG\"\n\t\t\t\tdata-image-id=\"9\"\n\t\t\t\tdata-title=\"Tiir\"\n\t\t\t\tdata-description=\" \"\n\t\t\t\tdata-image-slug=\"tiir\"\n\t\t\t\tclass=\"ngg-fancybox\" rel=\"578054c30ba7592686e75395ae83d394\">\n\t\t\t\t<img\n\t\t\t\t\ttitle=\"Tiir\"\n\t\t\t\t\talt=\"Tiir\"\n\t\t\t\t\tsrc=\"http:\/\/vorujahimeesteselts.ee\/wp-content\/gallery\/jarvere-100-m-paviljoni-avamine-30-09-2014\/thumbs\/thumbs_Tiir.JPG\"\n\t\t\t\t\twidth=\"120\"\n\t\t\t\t\theight=\"90\"\n\t\t\t\t\tstyle=\"max-width:100%;\"\n\t\t\t\t\/>\n\t\t\t<\/a>\n\t\t<\/div>\n\t\t\t\t\t\t\t<\/div> \n\t\t\t\n\t\n\t<br style=\"clear: both\" \/>\n\n\t\t<div class=\"slideshowlink\">\n\t\t<a href='http:\/\/vorujahimeesteselts.ee\/index.php\/nggallery\/slideshow?page_id=111'>[Show slideshow]<\/a>\n\t\t\n\t<\/div>\n\t\n\t\t<!-- Pagination -->\n\t\t<div class='ngg-clear'><\/div>\t<\/div>\n<\/p>\n<p>&nbsp;<\/p>\n<p>Antsla kandi jahimeeste laskev\u00f5istlus Nursipalus 30.08.2014<\/p>\n<p><!-- default-view.php -->\n<div\n\tclass=\"ngg-galleryoverview default-view \n\t ngg-ajax-pagination-none\t\"\n\tid=\"ngg-gallery-f5483eb35c283e8659730a20d1e1f617-1\">\n\n\t\t<!-- Thumbnails -->\n\t\t\t\t<div id=\"ngg-image-0\" class=\"ngg-gallery-thumbnail-box \n\t\t\t\t\t\t\t\t\t\t\t\" \n\t\t\t>\n\t\t\t\t\t\t<div class=\"ngg-gallery-thumbnail\">\n\t\t\t<a href=\"http:\/\/vorujahimeesteselts.ee\/wp-content\/gallery\/antsla-piirkonn-ajahimeeste-laskevoistlus-nursipalus-30-08-2014\/Aare-Vein-auhinna-ja-diplomiga.jpg\"\n\t\t\t\ttitle=\"\"\n\t\t\t\tdata-src=\"http:\/\/vorujahimeesteselts.ee\/wp-content\/gallery\/antsla-piirkonn-ajahimeeste-laskevoistlus-nursipalus-30-08-2014\/Aare-Vein-auhinna-ja-diplomiga.jpg\"\n\t\t\t\tdata-thumbnail=\"http:\/\/vorujahimeesteselts.ee\/wp-content\/gallery\/antsla-piirkonn-ajahimeeste-laskevoistlus-nursipalus-30-08-2014\/thumbs\/thumbs_Aare-Vein-auhinna-ja-diplomiga.jpg\"\n\t\t\t\tdata-image-id=\"10\"\n\t\t\t\tdata-title=\"Aare Vein auhinna ja diplomiga\"\n\t\t\t\tdata-description=\"\"\n\t\t\t\tdata-image-slug=\"aare-vein-auhinna-ja-diplomiga\"\n\t\t\t\tclass=\"ngg-fancybox\" rel=\"f5483eb35c283e8659730a20d1e1f617\">\n\t\t\t\t<img\n\t\t\t\t\ttitle=\"Aare Vein auhinna ja diplomiga\"\n\t\t\t\t\talt=\"Aare Vein auhinna ja diplomiga\"\n\t\t\t\t\tsrc=\"http:\/\/vorujahimeesteselts.ee\/wp-content\/gallery\/antsla-piirkonn-ajahimeeste-laskevoistlus-nursipalus-30-08-2014\/thumbs\/thumbs_Aare-Vein-auhinna-ja-diplomiga.jpg\"\n\t\t\t\t\twidth=\"120\"\n\t\t\t\t\theight=\"90\"\n\t\t\t\t\tstyle=\"max-width:100%;\"\n\t\t\t\t\/>\n\t\t\t<\/a>\n\t\t<\/div>\n\t\t\t\t\t\t\t<\/div> \n\t\t\t\n\t\t\t\t<div id=\"ngg-image-1\" class=\"ngg-gallery-thumbnail-box \n\t\t\t\t\t\t\t\t\t\t\t\" \n\t\t\t>\n\t\t\t\t\t\t<div class=\"ngg-gallery-thumbnail\">\n\t\t\t<a href=\"http:\/\/vorujahimeesteselts.ee\/wp-content\/gallery\/antsla-piirkonn-ajahimeeste-laskevoistlus-nursipalus-30-08-2014\/Ak-4-tutvustus.jpg\"\n\t\t\t\ttitle=\" \"\n\t\t\t\tdata-src=\"http:\/\/vorujahimeesteselts.ee\/wp-content\/gallery\/antsla-piirkonn-ajahimeeste-laskevoistlus-nursipalus-30-08-2014\/Ak-4-tutvustus.jpg\"\n\t\t\t\tdata-thumbnail=\"http:\/\/vorujahimeesteselts.ee\/wp-content\/gallery\/antsla-piirkonn-ajahimeeste-laskevoistlus-nursipalus-30-08-2014\/thumbs\/thumbs_Ak-4-tutvustus.jpg\"\n\t\t\t\tdata-image-id=\"11\"\n\t\t\t\tdata-title=\"Ak 4 tutvustus\"\n\t\t\t\tdata-description=\" \"\n\t\t\t\tdata-image-slug=\"ak-4-tutvustus\"\n\t\t\t\tclass=\"ngg-fancybox\" rel=\"f5483eb35c283e8659730a20d1e1f617\">\n\t\t\t\t<img\n\t\t\t\t\ttitle=\"Ak 4 tutvustus\"\n\t\t\t\t\talt=\"Ak 4 tutvustus\"\n\t\t\t\t\tsrc=\"http:\/\/vorujahimeesteselts.ee\/wp-content\/gallery\/antsla-piirkonn-ajahimeeste-laskevoistlus-nursipalus-30-08-2014\/thumbs\/thumbs_Ak-4-tutvustus.jpg\"\n\t\t\t\t\twidth=\"120\"\n\t\t\t\t\theight=\"90\"\n\t\t\t\t\tstyle=\"max-width:100%;\"\n\t\t\t\t\/>\n\t\t\t<\/a>\n\t\t<\/div>\n\t\t\t\t\t\t\t<\/div> \n\t\t\t\n\t\t\t\t<div id=\"ngg-image-2\" class=\"ngg-gallery-thumbnail-box \n\t\t\t\t\t\t\t\t\t\t\t\" \n\t\t\t>\n\t\t\t\t\t\t<div class=\"ngg-gallery-thumbnail\">\n\t\t\t<a href=\"http:\/\/vorujahimeesteselts.ee\/wp-content\/gallery\/antsla-piirkonn-ajahimeeste-laskevoistlus-nursipalus-30-08-2014\/avamine-k-n-Toomas-Pindis.jpg\"\n\t\t\t\ttitle=\" \"\n\t\t\t\tdata-src=\"http:\/\/vorujahimeesteselts.ee\/wp-content\/gallery\/antsla-piirkonn-ajahimeeste-laskevoistlus-nursipalus-30-08-2014\/avamine-k-n-Toomas-Pindis.jpg\"\n\t\t\t\tdata-thumbnail=\"http:\/\/vorujahimeesteselts.ee\/wp-content\/gallery\/antsla-piirkonn-ajahimeeste-laskevoistlus-nursipalus-30-08-2014\/thumbs\/thumbs_avamine-k-n-Toomas-Pindis.jpg\"\n\t\t\t\tdata-image-id=\"12\"\n\t\t\t\tdata-title=\"avamine  k-n Toomas Pindis\"\n\t\t\t\tdata-description=\" \"\n\t\t\t\tdata-image-slug=\"avamine-k-n-toomas-pindis\"\n\t\t\t\tclass=\"ngg-fancybox\" rel=\"f5483eb35c283e8659730a20d1e1f617\">\n\t\t\t\t<img\n\t\t\t\t\ttitle=\"avamine  k-n Toomas Pindis\"\n\t\t\t\t\talt=\"avamine  k-n Toomas Pindis\"\n\t\t\t\t\tsrc=\"http:\/\/vorujahimeesteselts.ee\/wp-content\/gallery\/antsla-piirkonn-ajahimeeste-laskevoistlus-nursipalus-30-08-2014\/thumbs\/thumbs_avamine-k-n-Toomas-Pindis.jpg\"\n\t\t\t\t\twidth=\"120\"\n\t\t\t\t\theight=\"90\"\n\t\t\t\t\tstyle=\"max-width:100%;\"\n\t\t\t\t\/>\n\t\t\t<\/a>\n\t\t<\/div>\n\t\t\t\t\t\t\t<\/div> \n\t\t\t\n\t\t\t\t<div id=\"ngg-image-3\" class=\"ngg-gallery-thumbnail-box \n\t\t\t\t\t\t\t\t\t\t\t\" \n\t\t\t>\n\t\t\t\t\t\t<div class=\"ngg-gallery-thumbnail\">\n\t\t\t<a href=\"http:\/\/vorujahimeesteselts.ee\/wp-content\/gallery\/antsla-piirkonn-ajahimeeste-laskevoistlus-nursipalus-30-08-2014\/h%C3%B5p%C3%B5uur-ja-nuga.jpg\"\n\t\t\t\ttitle=\" \"\n\t\t\t\tdata-src=\"http:\/\/vorujahimeesteselts.ee\/wp-content\/gallery\/antsla-piirkonn-ajahimeeste-laskevoistlus-nursipalus-30-08-2014\/h%C3%B5p%C3%B5uur-ja-nuga.jpg\"\n\t\t\t\tdata-thumbnail=\"http:\/\/vorujahimeesteselts.ee\/wp-content\/gallery\/antsla-piirkonn-ajahimeeste-laskevoistlus-nursipalus-30-08-2014\/thumbs\/thumbs_h%C3%B5p%C3%B5uur-ja-nuga.jpg\"\n\t\t\t\tdata-image-id=\"13\"\n\t\t\t\tdata-title=\"h\u00f5p\u00f5uur ja nuga\"\n\t\t\t\tdata-description=\" \"\n\t\t\t\tdata-image-slug=\"h%c3%b5p%c3%b5uur-ja-nuga-1\"\n\t\t\t\tclass=\"ngg-fancybox\" rel=\"f5483eb35c283e8659730a20d1e1f617\">\n\t\t\t\t<img\n\t\t\t\t\ttitle=\"h\u00f5p\u00f5uur ja nuga\"\n\t\t\t\t\talt=\"h\u00f5p\u00f5uur ja nuga\"\n\t\t\t\t\tsrc=\"http:\/\/vorujahimeesteselts.ee\/wp-content\/gallery\/antsla-piirkonn-ajahimeeste-laskevoistlus-nursipalus-30-08-2014\/thumbs\/thumbs_h%C3%B5p%C3%B5uur-ja-nuga.jpg\"\n\t\t\t\t\twidth=\"120\"\n\t\t\t\t\theight=\"90\"\n\t\t\t\t\tstyle=\"max-width:100%;\"\n\t\t\t\t\/>\n\t\t\t<\/a>\n\t\t<\/div>\n\t\t\t\t\t\t\t<\/div> \n\t\t\t\n\t\t\t\t<div id=\"ngg-image-4\" class=\"ngg-gallery-thumbnail-box \n\t\t\t\t\t\t\t\t\t\t\t\" \n\t\t\t>\n\t\t\t\t\t\t<div class=\"ngg-gallery-thumbnail\">\n\t\t\t<a href=\"http:\/\/vorujahimeesteselts.ee\/wp-content\/gallery\/antsla-piirkonn-ajahimeeste-laskevoistlus-nursipalus-30-08-2014\/KKI-v%C3%B5istkond.jpg\"\n\t\t\t\ttitle=\" \"\n\t\t\t\tdata-src=\"http:\/\/vorujahimeesteselts.ee\/wp-content\/gallery\/antsla-piirkonn-ajahimeeste-laskevoistlus-nursipalus-30-08-2014\/KKI-v%C3%B5istkond.jpg\"\n\t\t\t\tdata-thumbnail=\"http:\/\/vorujahimeesteselts.ee\/wp-content\/gallery\/antsla-piirkonn-ajahimeeste-laskevoistlus-nursipalus-30-08-2014\/thumbs\/thumbs_KKI-v%C3%B5istkond.jpg\"\n\t\t\t\tdata-image-id=\"14\"\n\t\t\t\tdata-title=\"KKI v\u00f5istkond\"\n\t\t\t\tdata-description=\" \"\n\t\t\t\tdata-image-slug=\"kki-v%c3%b5istkond-1\"\n\t\t\t\tclass=\"ngg-fancybox\" rel=\"f5483eb35c283e8659730a20d1e1f617\">\n\t\t\t\t<img\n\t\t\t\t\ttitle=\"KKI v\u00f5istkond\"\n\t\t\t\t\talt=\"KKI v\u00f5istkond\"\n\t\t\t\t\tsrc=\"http:\/\/vorujahimeesteselts.ee\/wp-content\/gallery\/antsla-piirkonn-ajahimeeste-laskevoistlus-nursipalus-30-08-2014\/thumbs\/thumbs_KKI-v%C3%B5istkond.jpg\"\n\t\t\t\t\twidth=\"120\"\n\t\t\t\t\theight=\"90\"\n\t\t\t\t\tstyle=\"max-width:100%;\"\n\t\t\t\t\/>\n\t\t\t<\/a>\n\t\t<\/div>\n\t\t\t\t\t\t\t<\/div> \n\t\t\t\n\t\t\t\t<div id=\"ngg-image-5\" class=\"ngg-gallery-thumbnail-box \n\t\t\t\t\t\t\t\t\t\t\t\" \n\t\t\t>\n\t\t\t\t\t\t<div class=\"ngg-gallery-thumbnail\">\n\t\t\t<a href=\"http:\/\/vorujahimeesteselts.ee\/wp-content\/gallery\/antsla-piirkonn-ajahimeeste-laskevoistlus-nursipalus-30-08-2014\/l%C3%B5pupilt-I.jpg\"\n\t\t\t\ttitle=\" \"\n\t\t\t\tdata-src=\"http:\/\/vorujahimeesteselts.ee\/wp-content\/gallery\/antsla-piirkonn-ajahimeeste-laskevoistlus-nursipalus-30-08-2014\/l%C3%B5pupilt-I.jpg\"\n\t\t\t\tdata-thumbnail=\"http:\/\/vorujahimeesteselts.ee\/wp-content\/gallery\/antsla-piirkonn-ajahimeeste-laskevoistlus-nursipalus-30-08-2014\/thumbs\/thumbs_l%C3%B5pupilt-I.jpg\"\n\t\t\t\tdata-image-id=\"15\"\n\t\t\t\tdata-title=\"l\u00f5pupilt I\"\n\t\t\t\tdata-description=\" \"\n\t\t\t\tdata-image-slug=\"l%c3%b5pupilt-i-1\"\n\t\t\t\tclass=\"ngg-fancybox\" rel=\"f5483eb35c283e8659730a20d1e1f617\">\n\t\t\t\t<img\n\t\t\t\t\ttitle=\"l\u00f5pupilt I\"\n\t\t\t\t\talt=\"l\u00f5pupilt I\"\n\t\t\t\t\tsrc=\"http:\/\/vorujahimeesteselts.ee\/wp-content\/gallery\/antsla-piirkonn-ajahimeeste-laskevoistlus-nursipalus-30-08-2014\/thumbs\/thumbs_l%C3%B5pupilt-I.jpg\"\n\t\t\t\t\twidth=\"120\"\n\t\t\t\t\theight=\"90\"\n\t\t\t\t\tstyle=\"max-width:100%;\"\n\t\t\t\t\/>\n\t\t\t<\/a>\n\t\t<\/div>\n\t\t\t\t\t\t\t<\/div> \n\t\t\t\n\t\t\t\t<div id=\"ngg-image-6\" class=\"ngg-gallery-thumbnail-box \n\t\t\t\t\t\t\t\t\t\t\t\" \n\t\t\t>\n\t\t\t\t\t\t<div class=\"ngg-gallery-thumbnail\">\n\t\t\t<a href=\"http:\/\/vorujahimeesteselts.ee\/wp-content\/gallery\/antsla-piirkonn-ajahimeeste-laskevoistlus-nursipalus-30-08-2014\/P1140586.JPG\"\n\t\t\t\ttitle=\" \"\n\t\t\t\tdata-src=\"http:\/\/vorujahimeesteselts.ee\/wp-content\/gallery\/antsla-piirkonn-ajahimeeste-laskevoistlus-nursipalus-30-08-2014\/P1140586.JPG\"\n\t\t\t\tdata-thumbnail=\"http:\/\/vorujahimeesteselts.ee\/wp-content\/gallery\/antsla-piirkonn-ajahimeeste-laskevoistlus-nursipalus-30-08-2014\/thumbs\/thumbs_P1140586.JPG\"\n\t\t\t\tdata-image-id=\"16\"\n\t\t\t\tdata-title=\"P1140586\"\n\t\t\t\tdata-description=\" \"\n\t\t\t\tdata-image-slug=\"p1140586\"\n\t\t\t\tclass=\"ngg-fancybox\" rel=\"f5483eb35c283e8659730a20d1e1f617\">\n\t\t\t\t<img\n\t\t\t\t\ttitle=\"P1140586\"\n\t\t\t\t\talt=\"P1140586\"\n\t\t\t\t\tsrc=\"http:\/\/vorujahimeesteselts.ee\/wp-content\/gallery\/antsla-piirkonn-ajahimeeste-laskevoistlus-nursipalus-30-08-2014\/thumbs\/thumbs_P1140586.JPG\"\n\t\t\t\t\twidth=\"120\"\n\t\t\t\t\theight=\"90\"\n\t\t\t\t\tstyle=\"max-width:100%;\"\n\t\t\t\t\/>\n\t\t\t<\/a>\n\t\t<\/div>\n\t\t\t\t\t\t\t<\/div> \n\t\t\t\n\t\n\t<br style=\"clear: both\" \/>\n\n\t\t<div class=\"slideshowlink\">\n\t\t<a href='http:\/\/vorujahimeesteselts.ee\/index.php\/nggallery\/slideshow?page_id=111'>[Show slideshow]<\/a>\n\t\t\n\t<\/div>\n\t\n\t\t<!-- Pagination -->\n\t\t<div class='ngg-clear'><\/div>\t<\/div>\n<\/p>\n","protected":false},"excerpt":{"rendered":"<p>Jahirahu v\u00e4ljakuulutamine V\u00f5rumaal Varstus 22.12.2015 J\u00e4rvere 100 m paviljoni avamine 30.09.2014 [Show slideshow] &nbsp; Antsla kandi jahimeeste laskev\u00f5istlus Nursipalus 30.08.2014 [Show slideshow]<\/p>\n","protected":false},"author":1,"featured_media":0,"parent":0,"menu_order":0,"comment_status":"closed","ping_status":"open","template":"","meta":{"ngg_post_thumbnail":0},"_links":{"self":[{"href":"http:\/\/vorujahimeesteselts.ee\/index.php?rest_route=\/wp\/v2\/pages\/111"}],"collection":[{"href":"http:\/\/vorujahimeesteselts.ee\/index.php?rest_route=\/wp\/v2\/pages"}],"about":[{"href":"http:\/\/vorujahimeesteselts.ee\/index.php?rest_route=\/wp\/v2\/types\/page"}],"author":[{"embeddable":true,"href":"http:\/\/vorujahimeesteselts.ee\/index.php?rest_route=\/wp\/v2\/users\/1"}],"replies":[{"embeddable":true,"href":"http:\/\/vorujahimeesteselts.ee\/index.php?rest_route=%2Fwp%2Fv2%2Fcomments&post=111"}],"version-history":[{"count":8,"href":"http:\/\/vorujahimeesteselts.ee\/index.php?rest_route=\/wp\/v2\/pages\/111\/revisions"}],"predecessor-version":[{"id":1180,"href":"http:\/\/vorujahimeesteselts.ee\/index.php?rest_route=\/wp\/v2\/pages\/111\/revisions\/1180"}],"wp:attachment":[{"href":"http:\/\/vorujahimeesteselts.ee\/index.php?rest_route=%2Fwp%2Fv2%2Fmedia&parent=111"}],"curies":[{"name":"wp","href":"https:\/\/api.w.org\/{rel}","templated":true}]}}