{"id":1072,"date":"2018-08-28T11:45:08","date_gmt":"2018-08-28T09:45:08","guid":{"rendered":"http:\/\/vorujahimeesteselts.ee\/?page_id=1072"},"modified":"2018-08-28T11:45:08","modified_gmt":"2018-08-28T09:45:08","slug":"marutaudi-projekt-2018","status":"publish","type":"page","link":"https:\/\/vorujahimeesteselts.ee\/?page_id=1072","title":{"rendered":"Marutaudi projekt 2018"},"content":{"rendered":"<p>2018 j\u00e4tkuvad kaks marutaudi proovide kogumise projekti.<\/p>\n<p><strong>*1) 2018 a. riskiloomadelt peaproovide kogumine (01.01.2018-31.12.2018) HIND 18.-<\/strong><\/p>\n<p>1. Uluk k\u00e4esoleva lepingu m\u00f5istes &#8211; rebased, k\u00e4hrikud ja \u0161aakalid.<br \/>\n2. Marutaudi riskiloom \u2013 surnuna leitud (sh auto alla j\u00e4\u00e4nud) uluk ning k\u00fctitud<br \/>\nhaiguskahtlane v\u00f5i ebaloomulikult k\u00e4ituv uluk. S\u00f5ltuvalt olukorrast ning<br \/>\nk\u00e4itumismuutuse ulatusest v\u00f5ib riskiloomaks olla ka inim- v\u00f5i loomapelguseta uluk.<br \/>\n3. Peaproov \u2013 k\u00fctitud v\u00f5i hukkununa leitud ulukilt vahetult peale surma v\u00f5etud pea.<br \/>\nViiruse uuringu uurimismaterjaliks on looma aju.<br \/>\n4. Kaaskiri \u2013 Poolte poolt allkirjastatud dokument, millega saadetakse ulukite<br \/>\npeaproovid laboratooriumisse ja millega l\u00e4heb T\u00f6\u00f6v\u00f5tjalt Tellijale \u00fcle juhusliku<br \/>\nh\u00e4vimise risk.<br \/>\nK\u00fctitud\/leitud uluki(te) pea(d) veterinaarkeskusse toimetanud isik t\u00e4idab kohapeal<br \/>\nlaboratooriumisse saatmise kaaskirja, kus iga uluki peaprooviga esitatakse<br \/>\nj\u00e4rgmine proovi iseloomustav informatsioon:1) ulukiliik; 2) uluki k\u00fcttimise\/leidmise kuup\u00e4ev; 3) uluki k\u00fcttimise\/leidmise koht (maakond, vald); 4) uluki k\u00fcttimise\/leidmise asjaolud (leitud hukkununa, k\u00fctitud haiguskahtlasena v\u00f5i ebaloomulikult k\u00e4ituvana, k\u00fctitud looma- v\u00f5i inimpelguseta); 5) andmed uluki k\u00fcttinud\/leidnud isiku kohta ning kinnitab andmete \u00f5igsust oma allkirjaga.<br \/>\nKaaskiri vormistatakse kolmes (3) eksemplaris, millest \u00fcks j\u00e4\u00e4b T\u00f6\u00f6v\u00f5tjale, teine<br \/>\nTellijale ning kolmandaga liigub proov laborisse. Proov ja kaaskiri peavad olema<br \/>\nomavahel seostatavad<br \/>\n5. Peaproovide kogumine peab aset leidma ajavahemikul *01.01.2018. a kuni 31.12.2018,*<br \/>\n6. Peaproove kogutakse marutaudi riskiloomadelt, kui v\u00f5imalik vastavalt<br \/>\nsoovituslikule proovide toomise jaotuskavale maakondade l\u00f5ikes. (vt. eelmine punkt).<br \/>\n7. T\u00f6\u00f6v\u00f5tja on kohustatud kogutud ulukite peaproovid toimetama v\u00f5imalikult v\u00e4rskelt<br \/>\nning lekkekindlalt (nt paksu kilekotti pakituna) kohalikku veterinaarkeskusesse.<br \/>\nErandkorras v\u00f5ib \u00fcksikuid peaproove toimetada ka m\u00f5nda teise veterinaarkeskusesse,<br \/>\nkui see, mille territooriumilt antud looma proov koguti, kuid seda vaid juhul, kui see<br \/>\nkoosk\u00f5lastatakse punktis 11.5 toodud VTA poolse kontaktisikuga ning vastavate<br \/>\nveterinaarkeskustega. Iga looma proov pakendatakse eraldi. Kui p\u00e4id ei ole koheselt<br \/>\nv\u00f5imalik veterinaarkeskusesse toimetada, s\u00e4ilitab T\u00f6\u00f6v\u00f5tja neid + 4\u00b0C v\u00f5i madalama<br \/>\ntemperatuuri juures. Vajadusel v\u00f5ib p\u00e4id s\u00fcgavk\u00fclmutada.<\/p>\n<p><strong>*2) marutaudi uurimismaterjalide pea- ja vereproovide kogumisest puhvertsoonis. (juuli2018-15.m\u00e4rts 2019) 18.-<\/strong><br \/>\n*<br \/>\n1. Ulukid k\u00e4esoleva lepingu m\u00f5istes on rebased ja k\u00e4hrikud.<br \/>\n2. Ulukite k\u00fcttimine \u2013 jahipidamine vastavalt jahiseaduses ja teistes seda valdkonda<br \/>\nreguleerivates \u00f5igusaktides s\u00e4testatule.<br \/>\n3. Peaproov \u2013 tervena k\u00fctitud ulukilt vahetult peale surma v\u00f5etud pea. Uurimismaterjaliks<br \/>\non markeraine ning vanuse m\u00e4\u00e4ramise puhul alal\u00f5ualuu koos hammastega (sh<br \/>\nkihvhambad).<br \/>\n4. Vereproov \u2013 punktis 1.3. nimetatud ulukilt vahetult p\u00e4rast k\u00fcttimist s\u00fcdamest v\u00f5i<br \/>\nsuuremate veresoonte l\u00e4bistamisel (haavast) v\u00f5etud vereproov (4-5 ml v\u00e4rsket verd).<br \/>\n5. Puhvertsoon \u2013 riigipiirist 30-50 km ulatuses ala, kus 2018. aastal viiakse l\u00e4bi<br \/>\nmetsloomade marutaudivastast vaktsineerimist. Puhvertsooni suurus 2018. aastal on 6<br \/>\n100 km2. Kogutavad proovid peavad eranditult p\u00e4rinema puhvertsooni aladelt.<br \/>\n6. K\u00e4esoleva Lepingu eesm\u00e4rgiks on vaktsineeritud puhvertsooni aladel tervetelt ulukitelt<br \/>\npea- ja vereproovide kogumine laboratoorsete uuringute l\u00e4biviimiseks hindamaks<br \/>\nvaktsineerimise efektiivsust p\u00e4rast vaktsiinipalade k\u00fclvamist 2018. aasta mais ja<br \/>\nseptembris. Puhvertsooni kaardid ja jaotuskava on lisatud k. o. memole.<br \/>\n8. Pea- ja vereproovide kogumine peab aset leidma ajavahemikul *juuli 2018 kuni 15. m\u00e4rts<br \/>\n2019, k*usjuures 31. oktoobri 2018 seisuga peab olema laekunud mitte rohkem kui 50%<br \/>\npuhvertsoonist kogutavatest proovidest (125 pead ja 125 vereproovi) ning v\u00e4hemalt<br \/>\n60% k\u00f5ikidest (150 pead ja 150 vereproovi) proovidest peab olema laekunud hiljemalt<br \/>\n31. detsembriks 2018 ning 90% (225 pead ja 225 vereproovi) hiljemalt 28. veebruariks<br \/>\n2019.<br \/>\n9. K\u00fctitud tervetelt ulukitelt pea- ja vereproovide kogumine toimub eranditult<br \/>\nvaktsineeritud puhvertsooni territooriumil tihedusega 4 looma 100 km2 kohta. Igalt<br \/>\nulukilt kogutakse pea- ja vereproov ehk kokku kogutakse 250 rebase\/k\u00e4hriku<br \/>\npeaproovi ning 250 vereproovi. Pea- ja vereproovide kogumine toimub vahetult peale<br \/>\nuluki k\u00fcttimist. Pea- ja vereproov peavad p\u00e4rinema \u00fchelt ja samalt ulukilt, eraldiseisvaid<br \/>\npea- ja vereproove vastu ei v\u00f5eta. K\u00fctitud ulukite pea- ja vereproovid tuleb toimetada<br \/>\nasjakohastesse maakondade veterinaarkeskustesse (Lepingu lisa 2).<br \/>\n10. T\u00f6\u00f6v\u00f5tja kannab k\u00f5ik uluki k\u00fcttimise ning proovi v\u00f5tmise (v.a allpooltoodud pea- ja<br \/>\nvereproovide v\u00f5tmise vahendid) ja selle veterinaarkeskusesse saatmisega seotud kulud.<br \/>\nPea- ja vereproovide v\u00f5tmiseks vajalike vahendite (kummikindad, kilekott,<br \/>\nsulgurklamber, vereproovi v\u00f5tmise vajadusel ka n\u00f5el, vaakumkatsuti ja s\u00fcstal)<br \/>\nsoetamise kulud kannab Tellija. Vastavad vahendid v\u00e4ljastatakse T\u00f6\u00f6v\u00f5tjale kohalikust<br \/>\nveterinaarkeskusest.<br \/>\n11. Marutaudikahtlastelt loomadelt, kellel on teadaolev v\u00f5i t\u00f5en\u00e4oline kontakt<br \/>\nkoduloomadega v\u00f5i inimesega, ei tohi antud lepingu raames proove koguda. Sellisel<br \/>\npuhul tuleb toimida vastavalt p\u00f5llumajandusministri 20.11.2000. a m\u00e4\u00e4rusele nr 67<br \/>\n\u201eMarutaudi t\u00f5rje eeskiri\u201d.<br \/>\n12. T\u00f6\u00f6v\u00f5tja on kohustatud kogutud ulukite pea- ja vereproovid toimetama v\u00f5imalikult<br \/>\nv\u00e4rskelt ning lekkekindlalt (pead paksu kilekotti) pakituna kohalikku<br \/>\nveterinaarkeskusesse. Iga looma proov pakendatakse eraldi. Kui pea- ja vereproove ei<br \/>\nole koheselt v\u00f5imalik veterinaarkeskusesse toimetada, s\u00e4ilitab T\u00f6\u00f6v\u00f5tja k\u00fctitud ulukite<br \/>\np\u00e4id + 4\u00b0C v\u00f5i madalama temperatuuri juures ja vereproove l\u00fchiajaliselt +2\u00b0C kuni +<br \/>\n4\u00b0C juures. Vereproovi ei tohi lasta k\u00fclmuda proovide kogumisel ega k\u00fclmutada<br \/>\nproovide s\u00e4ilitamise<\/p>\n","protected":false},"excerpt":{"rendered":"<p>2018 j\u00e4tkuvad kaks marutaudi proovide kogumise projekti. *1) 2018 a. riskiloomadelt peaproovide kogumine (01.01.2018-31.12.2018) HIND 18.- 1. Uluk k\u00e4esoleva lepingu m\u00f5istes &#8211; rebased, k\u00e4hrikud ja \u0161aakalid. 2. Marutaudi riskiloom \u2013 surnuna leitud (sh auto alla j\u00e4\u00e4nud) uluk ning k\u00fctitud haiguskahtlane&#8230; <a class=\"more-link\" href=\"https:\/\/vorujahimeesteselts.ee\/?page_id=1072\">Continue Reading &rarr;<\/a><\/p>\n","protected":false},"author":1,"featured_media":0,"parent":0,"menu_order":0,"comment_status":"closed","ping_status":"closed","template":"","meta":{"ngg_post_thumbnail":0},"_links":{"self":[{"href":"https:\/\/vorujahimeesteselts.ee\/index.php?rest_route=\/wp\/v2\/pages\/1072"}],"collection":[{"href":"https:\/\/vorujahimeesteselts.ee\/index.php?rest_route=\/wp\/v2\/pages"}],"about":[{"href":"https:\/\/vorujahimeesteselts.ee\/index.php?rest_route=\/wp\/v2\/types\/page"}],"author":[{"embeddable":true,"href":"https:\/\/vorujahimeesteselts.ee\/index.php?rest_route=\/wp\/v2\/users\/1"}],"replies":[{"embeddable":true,"href":"https:\/\/vorujahimeesteselts.ee\/index.php?rest_route=%2Fwp%2Fv2%2Fcomments&post=1072"}],"version-history":[{"count":1,"href":"https:\/\/vorujahimeesteselts.ee\/index.php?rest_route=\/wp\/v2\/pages\/1072\/revisions"}],"predecessor-version":[{"id":1074,"href":"https:\/\/vorujahimeesteselts.ee\/index.php?rest_route=\/wp\/v2\/pages\/1072\/revisions\/1074"}],"wp:attachment":[{"href":"https:\/\/vorujahimeesteselts.ee\/index.php?rest_route=%2Fwp%2Fv2%2Fmedia&parent=1072"}],"curies":[{"name":"wp","href":"https:\/\/api.w.org\/{rel}","templated":true}]}}